13480?
True
Is 10333455 a multiple of 165?
True
Does 8 divide 14408781?
False
Is 655 a factor of 47173959?
False
Is 6 a factor of 36034583?
False
Is 809609209 a multiple of 1470?
False
Does 660 divide 48097311?
False
Is 1108860642 a multiple of 5057?
False
Does 8 divide 111687970?
False
Does 18 divide 1802298635?
False
Does 25 divide 39871171?
False
Is 15 a factor of 9321690?
True
Is 124079696 a multiple of 165?
False
Does 20 divide 238194480?
True
Is 6084835 a multiple of 1204?
False
Does 122 divide 273122577?
False
Does 164 divide 226105561?
False
Does 72 divide 127237212?
False
Is 457919442 a multiple of 88?
False
Does 50 divide 5072069?
False
Is 159830163 a multiple of 15?
False
Is 44269776 a multiple of 18?
True
Does 39 divide 216283058?
False
Is 16 a factor of 7746432?
True
Does 26 divide 46374484?
True
Does 1250 divide 431602500?
True
Is 38 a factor of 3278273788?
False
Is 177227295 a multiple of 35?
True
Does 18 divide 507143077?
False
Is 11 a factor of 1546365799?
True
Is 293574232 a multiple of 120?
False
Is 13308839 a multiple of 3?
False
Is 32607956 a multiple of 101?
False
Does 1967 divide 24070179?
True
Does 80 divide 2819920?
True
Does 528 divide 8353933?
False
Is 59 a factor of 1881438964?
True
Is 1724273070 a multiple of 676?
False
Does 3287 divide 4504281284?
True
Is 942 a factor of 302056965?
False
Is 395 a factor of 2319571140?
True
Is 1968 a factor of 1392975984?
True
Is 2149 a factor of 3674755616?
True
Is 122 a factor of 5157916?
True
Is 90 a factor of 88617420?
True
Is 16 a factor of 2444562452?
False
Is 61719224 a multiple of 525?
False
Does 220 divide 309361802?
False
Is 124 a factor of 284335658?
False
Does 19 divide 22211801?
False
Is 8 a factor of 293203576?
True
Is 66 a factor of 1991150304?
True
Is 1321916 a multiple of 208?
False
Is 61848419 a multiple of 16?
False
Does 1171 divide 67392221?
True
Is 2943 a factor of 20267230?
False
Is 3555123478 a multiple of 3545?
False
Is 375 a factor of 819081375?
True
Is 50027862 a multiple of 6?
True
Is 2812 a factor of 744136748?
True
Is 30 a factor of 1077043696?
False
Does 6 divide 976974?
True
Is 6163434 a multiple of 19?
False
Is 86447700 a multiple of 19?
False
Does 457 divide 44138431?
True
Is 15344520 a multiple of 12?
True
Is 817379917 a multiple of 179?
False
Is 1082396403 a multiple of 4118?
False
Is 17184378 a multiple of 78?
False
Does 14 divide 47696978?
True
Is 12888496 a multiple of 16?
True
Does 366 divide 220765344?
True
Is 39591839 a multiple of 11?
False
Is 1696258 a multiple of 31?
True
Does 959 divide 385549647?
True
Does 32 divide 4333120?
True
Is 99 a factor of 58176160?
False
Does 51 divide 5567772?
True
Is 51 a factor of 151678284?
True
Is 465 a factor of 273581369?
False
Is 1696526788 a multiple of 22?
True
Is 552351614 a multiple of 43?
False
Is 420 a factor of 496035960?
True
Does 400 divide 104097705?
False
Does 18 divide 1287494?
False
Is 81 a factor of 12334194?
True
Is 2267 a factor of 33061928?
True
Does 1270 divide 19801913?
False
Is 3416031180 a multiple of 268?
True
Is 124 a factor of 428633900?
True
Is 1123693443 a multiple of 179?
True
Does 1157 divide 905991164?
True
Is 77986821 a multiple of 4660?
False
Does 53 divide 16141415?
True
Is 11 a factor of 638132308?
True
Is 86334015 a multiple of 15?
True
Is 557263623 a multiple of 486?
False
Does 4930 divide 4051099320?
True
Is 700 a factor of 21180980?
False
Is 699152013 a multiple of 167?
True
Is 947231488 a multiple of 28?
True
Is 497474487 a multiple of 1977?
True
Is 551068560 a multiple of 1590?
True
Does 429 divide 51136800?
True
Does 347 divide 88813609?
True
Is 7078960 a multiple of 14?
True
Does 314 divide 3579600?
True
Is 565 a factor of 293542925?
True
Is 137 a factor of 1778475775?
True
Is 24 a factor of 151835808?
True
Does 3062 divide 495624506?
True
Is 18278870 a multiple of 215?
True
Does 2 divide 12542217?
False
Does 17 divide 310117350?
False
Does 7 divide 216185176?
False
Does 282 divide 141020031?
False
Is 13 a factor of 65794495?
True
Is 2326249324 a multiple of 28?
True
Is 2608855544 a multiple of 15?
False
Is 16 a factor of 94615879?
False
Is 145120005 a multiple of 2565?
True
Is 7178 a factor of 403309799?
False
Is 5495019 even?
False
Does 663 divide 1030824158?
False
Is 913901248 a multiple of 3494?
False
Does 206 divide 32524381?
False
Does 577 divide 2523733376?
True
Does 1052 divide 25279560?
True
Is 174 a factor of 796241?
False
Is 28448596 a multiple of 35?
False
Is 191 a factor of 1713461?
True
Is 143576019 a multiple of 1741?
False
Is 269 a factor of 1703964091?
True
Is 86249249 a multiple of 11?
False
Does 15 divide 6618795?
True
Is 63 a factor of 14123566?
False
Does 3 divide 142394378?
False
Does 457 divide 44875572?
True
Is 464 a factor of 1636354464?
True
Is 4494 a factor of 1865320086?
True
Does 117 divide 1726532070?
False
Is 4102749806 a multiple of 2441?
True
Is 6 a factor of 29948310?
True
Is 545631554 a multiple of 94?
True
Does 613 divide 1837876984?
True
Is 439347744 a multiple of 396?
True
Does 20 divide 2629119?
False
Is 2763 a factor of 19531647?
True
Is 9 a factor of 302612571?
True
Is 38095960 a multiple of 271?
False
Does 4583 divide 233723834?
True
Is 931473663 a multiple of 3491?
False
Does 23 divide 67661722?
True
Is 14 a factor of 1071368158?
True
Is 100415280 a multiple of 70?
True
Is 2617 a factor of 66058772?
False
Is 666 a factor of 262668402?
True
Is 617 a factor of 244918182?
False
Is 280 a factor of 120356600?
True
Does 15 divide 52335900?
True
Is 10 a factor of 653441876?
False
Is 26752600 a multiple of 25?
True
Is 1384871 a multiple of 11?
False
Is 7 a factor of 20963234?
False
Does 261 divide 55915074?
True
Does 39 divide 34465032?
False
Is 9 a factor of 554565771?
True
Does 37 divide 2175901?
False
Is 67575588 a multiple of 1225?
False
Is 230341932 a multiple of 36?
True
Does 41 divide 290176645?
False
Does 103 divide 33534640?
False
Is 117 a factor of 46832308?
False
Does 206 divide 23572992?
True
Does 106 divide 1316676945?
False
Is 317 a factor of 16832383?
True
Is 806931636 a multiple of 11?
False
Does 454 divide 24748528?
False
Is 17 a factor of 22836253?
True
Is 22567782 a multiple of 3?
True
Does 6667 divide 209323799?
True
Does 439 divide 863023515?
True
Is 131 a factor of 5404264?
False
Is 191 a factor of 1734853?
True
Is 263 a factor of 5067193?
False
Is 2060 a factor of 71115320?
True
Is 826813467 a multiple of 3568?
False
Is 5 a factor of 235599663?
False
Is 3920 a factor of 300020400?
False
Does 10 divide 379341318?
False
Is 18547935 a multiple of 595?
True
Does 74 divide 81383942?
True
Is 779 a factor of 357604624?
True
Does 27 divide 5027427?
True
Is 9 a factor of 69567971?
False
Is 518 a factor of 107266404?
True
Does 14 divide 2181410?
True
Is 442 a factor of 26783957?
False
Is 9 a factor of 125795833?
False
Is 44 a factor of 79730649?
False
Is 1358102494 a multiple of 1747?
False
Does 545 divide 145223146?
False
Is 724558462 a multiple of 739?
True
Is 147893378 a multiple of 97?
True
Is 30 a factor of 275834520?
True
Is 6462 a factor of 455713164?
True
Is 235 a factor of 143702030?
True
Does 698 divide 124313102?
True
Is 747 a factor of 39818835?
True
Is 36 a factor of 94569321?
False
Is 65 a factor of 29301740?
True
Does 14 divide 1202813192?
True
Is 36731424 a multiple of 1632?
True
Is 4837727568 a multiple of 50?
False
Is 35 a factor of 59480225?
True
Does 4 divide 7758902?
False
Is 40 a factor of 53874903?
False
Is 3029 a factor of 698045166?
True
Does 381 divide 42130599?
True
Is 191 a factor of 13267078?
False
Is 10 a factor of 5535090?
True
Is 2828 a factor of 944795208?
True
Is 22151639 a multiple of 34?
False
Is 47331640 a multiple of 9?
False
Is 11932395 a multiple of 1385?
False
Is 868 a factor of 107041760?
True
Does 495 divide 30998664?
False
Does 162 divide 13886675?
False
Is 14999370 a multiple of 22?
False
Does 7 divide 53905229?
True
Does 746 divide 39555479?
False
Does 1204 divide 118753424?
False
Is 20759577 a multiple of 1059?
True
Is 224959753 a multiple of 149?
True
Is 821 a factor of 6416454?
False
Is 74951305 a multiple of 715?
True
Does 8 divide 167020480?
True
Is 9896395 a multiple of 131?
True
Is 9074522 a multiple of 762?
False
Is 35505000 a multiple of 36?
True
Does 103 d